{"id":117,"date":"2021-05-29T15:04:55","date_gmt":"2021-05-29T13:04:55","guid":{"rendered":"https:\/\/sportkulacs.hu\/?page_id=117"},"modified":"2021-06-03T14:50:23","modified_gmt":"2021-06-03T12:50:23","slug":"kiegeszitok","status":"publish","type":"page","link":"https:\/\/sportkulacs.hu\/index.php\/kiegeszitok\/","title":{"rendered":"Kieg\u00e9sz\u00edt\u0151k"},"content":{"rendered":"<h1 style=\"text-align: center;\">Kieg\u00e9sz\u00edt\u0151k<\/h1>\n<p>Hogyan tehetj\u00fck m\u00e9g jobb\u00e1 a nagyszer\u0171 prom\u00f3ci\u00f3s kulacsot? Hozz\u00e1adunk n\u00e9h\u00e1ny j\u00f3l megtervezett sportkulacs-tartoz\u00e9kot, amelyek megk\u00f6nny\u00edtik a haszn\u00e1latukat. Tov\u00e1bbi r\u00e9szletek\u00e9rt \u00edrjon vagy h\u00edvjon benn\u00fcnket!<\/p>\n<div class=\"col col-4\">\n<div style=\"text-align: center;\"><img loading=\"lazy\" decoding=\"async\" src=\"https:\/\/sportkulacs.hu\/wp-content\/uploads\/2021\/06\/kulacs-szallito.jpg\" alt=\"kulacs sz\u00e1ll\u00edt\u00f3\" width=\"600\" height=\"600\" class=\"alignnone size-full wp-image-189\" srcset=\"https:\/\/sportkulacs.hu\/wp-content\/uploads\/2021\/06\/kulacs-szallito.jpg 600w, https:\/\/sportkulacs.hu\/wp-content\/uploads\/2021\/06\/kulacs-szallito-300x300.jpg 300w, https:\/\/sportkulacs.hu\/wp-content\/uploads\/2021\/06\/kulacs-szallito-150x150.jpg 150w\" sizes=\"auto, (max-width: 600px) 100vw, 600px\" \/><\/p>\n<h3>Kulacs sz\u00e1ll\u00edt\u00f3<\/h3>\n<p>A k\u00f6vetkez\u0151 tal\u00e1lkoz\u00f3j\u00e1n vagy rendezv\u00e9ny\u00e9n legyen naprak\u00e9sz az er\u0151s, \u00f6sszecsukhat\u00f3 6 rekeszes kulacs sz\u00e1ll\u00edt\u00f3val.<\/p>\n<\/div>\n<div style=\"text-align: center;\"><img loading=\"lazy\" decoding=\"async\" src=\"https:\/\/sportkulacs.hu\/wp-content\/uploads\/2021\/06\/szivoka.jpg\" alt=\"Sz\u00edv\u00f3ka\" width=\"600\" height=\"600\" class=\"alignnone size-full wp-image-191\" srcset=\"https:\/\/sportkulacs.hu\/wp-content\/uploads\/2021\/06\/szivoka.jpg 600w, https:\/\/sportkulacs.hu\/wp-content\/uploads\/2021\/06\/szivoka-300x300.jpg 300w, https:\/\/sportkulacs.hu\/wp-content\/uploads\/2021\/06\/szivoka-150x150.jpg 150w\" sizes=\"auto, (max-width: 600px) 100vw, 600px\" \/><\/p>\n<h3>Sz\u00edv\u00f3ka<\/h3>\n<p>\u00c1llv\u00e9d\u0151vel ell\u00e1tott sisakot viselsz? Akkor a kupak sz\u00edv\u00f3ka elengedhetetlen tartoz\u00e9k.<\/p>\n<\/div>\n<div style=\"text-align: center;\"><img loading=\"lazy\" decoding=\"async\" class=\"alignnone size-full wp-image-177\" src=\"https:\/\/sportkulacs.hu\/wp-content\/uploads\/2021\/06\/kupakvedo.jpg\" alt=\"Kupakv\u00e9d\u0151\" width=\"800\" height=\"800\" srcset=\"https:\/\/sportkulacs.hu\/wp-content\/uploads\/2021\/06\/kupakvedo.jpg 800w, https:\/\/sportkulacs.hu\/wp-content\/uploads\/2021\/06\/kupakvedo-300x300.jpg 300w, https:\/\/sportkulacs.hu\/wp-content\/uploads\/2021\/06\/kupakvedo-150x150.jpg 150w, https:\/\/sportkulacs.hu\/wp-content\/uploads\/2021\/06\/kupakvedo-768x768.jpg 768w\" sizes=\"auto, (max-width: 800px) 100vw, 800px\" \/><\/p>\n<h3>Kupakv\u00e9d\u0151<\/h3>\n<p>A szabadt\u00e9ri tev\u00e9kenys\u00e9gek sor\u00e1n a kulacs bepiszkol\u00f3dhat, de nem kell hagyni, hogy a piszkos kulacs kupakja t\u00f6nkretegye az ital\u00e1t. Pr\u00f3b\u00e1lja ki a kupakv\u00e9d\u0151t!<\/p>\n<\/div>\n<div style=\"text-align: center;\"><img loading=\"lazy\" decoding=\"async\" src=\"https:\/\/sportkulacs.hu\/wp-content\/uploads\/2021\/06\/shaker.jpg\" alt=\"Shaker\" width=\"800\" height=\"800\" class=\"alignnone size-full wp-image-186\" srcset=\"https:\/\/sportkulacs.hu\/wp-content\/uploads\/2021\/06\/shaker.jpg 800w, https:\/\/sportkulacs.hu\/wp-content\/uploads\/2021\/06\/shaker-300x300.jpg 300w, https:\/\/sportkulacs.hu\/wp-content\/uploads\/2021\/06\/shaker-150x150.jpg 150w, https:\/\/sportkulacs.hu\/wp-content\/uploads\/2021\/06\/shaker-768x768.jpg 768w\" sizes=\"auto, (max-width: 800px) 100vw, 800px\" \/><\/p>\n<h3>Shaker<\/h3>\n<p>J\u00f3l megtervezett shaker megk\u00f6nny\u00edti az \u00f6sszetev\u0151k m\u00e9r\u00e9s\u00e9t. K\u00f6nnyen megfoghat\u00f3 \u00e9s r\u00e1zhat\u00f3, sziv\u00e1rg\u00e1smentes.<\/p>\n<\/div>\n<\/div>\n","protected":false},"excerpt":{"rendered":"<p>Kieg\u00e9sz\u00edt\u0151k Hogyan tehetj\u00fck m\u00e9g jobb\u00e1 a nagyszer\u0171 prom\u00f3ci\u00f3s kulacsot? Hozz\u00e1adunk n\u00e9h\u00e1ny j\u00f3l megtervezett sportkulacs-tartoz\u00e9kot, amelyek megk\u00f6nny\u00edtik a haszn\u00e1latukat. Tov\u00e1bbi r\u00e9szletek\u00e9rt \u00edrjon vagy h\u00edvjon benn\u00fcnket! Kulacs sz\u00e1ll\u00edt\u00f3 A k\u00f6vetkez\u0151 tal\u00e1lkoz\u00f3j\u00e1n vagy rendezv\u00e9ny\u00e9n legyen naprak\u00e9sz az er\u0151s, \u00f6sszecsukhat\u00f3 6 rekeszes kulacs sz\u00e1ll\u00edt\u00f3val. Sz\u00edv\u00f3ka \u00c1llv\u00e9d\u0151vel ell\u00e1tott sisakot viselsz? Akkor a kupak sz\u00edv\u00f3ka elengedhetetlen tartoz\u00e9k. Kupakv\u00e9d\u0151 A szabadt\u00e9ri tev\u00e9kenys\u00e9gek [&hellip;]<\/p>\n","protected":false},"author":1,"featured_media":0,"parent":0,"menu_order":0,"comment_status":"closed","ping_status":"closed","template":"","meta":{"footnotes":""},"class_list":["post-117","page","type-page","status-publish","hentry"],"_links":{"self":[{"href":"https:\/\/sportkulacs.hu\/index.php\/wp-json\/wp\/v2\/pages\/117","targetHints":{"allow":["GET"]}}],"collection":[{"href":"https:\/\/sportkulacs.hu\/index.php\/wp-json\/wp\/v2\/pages"}],"about":[{"href":"https:\/\/sportkulacs.hu\/index.php\/wp-json\/wp\/v2\/types\/page"}],"author":[{"embeddable":true,"href":"https:\/\/sportkulacs.hu\/index.php\/wp-json\/wp\/v2\/users\/1"}],"replies":[{"embeddable":true,"href":"https:\/\/sportkulacs.hu\/index.php\/wp-json\/wp\/v2\/comments?post=117"}],"version-history":[{"count":11,"href":"https:\/\/sportkulacs.hu\/index.php\/wp-json\/wp\/v2\/pages\/117\/revisions"}],"predecessor-version":[{"id":192,"href":"https:\/\/sportkulacs.hu\/index.php\/wp-json\/wp\/v2\/pages\/117\/revisions\/192"}],"wp:attachment":[{"href":"https:\/\/sportkulacs.hu\/index.php\/wp-json\/wp\/v2\/media?parent=117"}],"curies":[{"name":"wp","href":"https:\/\/api.w.org\/{rel}","templated":true}]}}