{"id":7,"date":"2021-05-14T14:00:10","date_gmt":"2021-05-14T12:00:10","guid":{"rendered":"https:\/\/sportkulacs.hu\/?page_id=7"},"modified":"2021-05-17T18:48:45","modified_gmt":"2021-05-17T16:48:45","slug":"kapcsolat","status":"publish","type":"page","link":"https:\/\/sportkulacs.hu\/index.php\/kapcsolat\/","title":{"rendered":"Kapcsolat"},"content":{"rendered":"<h1>El\u00e9rhet\u0151s\u00e9geink<\/h1>\n<p>Papn\u00e9 Lia<br \/>\nTel.: <a href=\"tel:06209310134\">(06-20) 931-0134<\/a><br \/>\nE-mail c\u00edm: <a href=\"mailto:ppr.org@gmail.com\">ppr.org@gmail.com<\/a><\/p>\n","protected":false},"excerpt":{"rendered":"<p>El\u00e9rhet\u0151s\u00e9geink Papn\u00e9 Lia Tel.: (06-20) 931-0134 E-mail c\u00edm: ppr.org@gmail.com<\/p>\n","protected":false},"author":1,"featured_media":0,"parent":0,"menu_order":0,"comment_status":"closed","ping_status":"closed","template":"","meta":{"footnotes":""},"class_list":["post-7","page","type-page","status-publish","hentry"],"_links":{"self":[{"href":"https:\/\/sportkulacs.hu\/index.php\/wp-json\/wp\/v2\/pages\/7","targetHints":{"allow":["GET"]}}],"collection":[{"href":"https:\/\/sportkulacs.hu\/index.php\/wp-json\/wp\/v2\/pages"}],"about":[{"href":"https:\/\/sportkulacs.hu\/index.php\/wp-json\/wp\/v2\/types\/page"}],"author":[{"embeddable":true,"href":"https:\/\/sportkulacs.hu\/index.php\/wp-json\/wp\/v2\/users\/1"}],"replies":[{"embeddable":true,"href":"https:\/\/sportkulacs.hu\/index.php\/wp-json\/wp\/v2\/comments?post=7"}],"version-history":[{"count":2,"href":"https:\/\/sportkulacs.hu\/index.php\/wp-json\/wp\/v2\/pages\/7\/revisions"}],"predecessor-version":[{"id":39,"href":"https:\/\/sportkulacs.hu\/index.php\/wp-json\/wp\/v2\/pages\/7\/revisions\/39"}],"wp:attachment":[{"href":"https:\/\/sportkulacs.hu\/index.php\/wp-json\/wp\/v2\/media?parent=7"}],"curies":[{"name":"wp","href":"https:\/\/api.w.org\/{rel}","templated":true}]}}