{"id":9,"date":"2021-05-14T14:01:32","date_gmt":"2021-05-14T12:01:32","guid":{"rendered":"https:\/\/sportkulacs.hu\/?page_id=9"},"modified":"2021-05-29T16:35:18","modified_gmt":"2021-05-29T14:35:18","slug":"hand-eez","status":"publish","type":"page","link":"https:\/\/sportkulacs.hu\/index.php\/hand-eez\/","title":{"rendered":"HAND-EEZ"},"content":{"rendered":"<p><img loading=\"lazy\" decoding=\"async\" class=\"size-full wp-image-135 aligncenter\" src=\"https:\/\/sportkulacs.hu\/wp-content\/uploads\/2021\/05\/hand-eez.jpg\" alt=\"Hand-eez\" width=\"300\" height=\"106\" \/><\/p>\n<div class=\"col col-2\">\n<div class=\"ord-2\">\n<h1 style=\"text-align: center;\">HAND-EEZ MIN\u0150S\u00c9GI MARKOLATOK, 10 \u00c9V GARANCI\u00c1VAL!<\/h1>\n<p>A Hand-eez markolatok nagy s\u0171r\u0171s\u00e9g\u0171 r\u00e1zk\u00f3d\u00e1st elnyel\u0151 habb\u00f3l k\u00e9sz\u00fclnek. Egy egyedi PVC vynil z\u00e1rt cell\u00e1s hab biztos\u00edtja a p\u00e1ratlan tart\u00f3ss\u00e1got \u00e9s k\u00e9nyelmet.<\/p>\n<h3>K\u00c9NYELEM \u00c9S BIZTONS\u00c1G<\/h3>\n<p>A Hand-eez markolatok kiemelked\u0151 r\u00e1zk\u00f3d\u00e1st elnyel\u0151 karakterisztik\u00e1val rendelkeznek. A nagy s\u0171r\u0171s\u00e9g\u0171 hab jellemz\u0151je, hogy a fels\u0151 r\u00e9tegbe t\u00f6bb (10-15 db k\u00f6bmillim\u00e9terenk\u00e9nt) \u00e9s er\u0151sebb cella van be\u00e1gyazva, melyek a vibr\u00e1ci\u00f3t, r\u00e1zk\u00f3d\u00e1st k\u00e9pesek elnyelni. A Hand-eez markolatok v\u00edz\u00e1ll\u00f3ak, szemben m\u00e1s hagyom\u00e1nyos hab markolatokkal, amelyek magukba sz\u00edvj\u00e1k a vizet.<\/p>\n<p>A Hand-eez markolatok olaj \u00e9s sav\u00e1ll\u00f3ak, nem old\u00f3dnak, ez\u00e9rt fel\u00fclet\u00fck soha nem v\u00e1lik ny\u00e1lk\u00e1ss\u00e1, ragacsoss\u00e1. A Hand-eez markolatok nagyfok\u00fa UV ellen\u00e1ll\u00f3s\u00e1ggal \u00e9s maxim\u00e1lis kop\u00e1s\u00e1ll\u00f3s\u00e1ggal b\u00edrnak b\u00e1rmilyen m\u00e1s hab vagy g\u00e9l markolattal szemben.<\/p>\n<h3>TART\u00d3SS\u00c1G<\/h3>\n<p>A 10 \u00e9v felt\u00e9tel n\u00e9lk\u00fcli garancia sokat mond! A Hand-eez markolatokat m\u00e1r 20 \u00e9ve forgalmazzuk \u00e9s m\u00e9g v\u00e1rjuk az els\u0151 darabot, amit visszahoznak.\n<\/p><\/div>\n<div class=\"ord-1\"><img loading=\"lazy\" decoding=\"async\" class=\"size-full wp-image-141 aligncenter\" src=\"https:\/\/sportkulacs.hu\/wp-content\/uploads\/2021\/05\/hand-eez-markolat.jpg\" alt=\"Hend-eez markolat\" width=\"430\" height=\"680\" srcset=\"https:\/\/sportkulacs.hu\/wp-content\/uploads\/2021\/05\/hand-eez-markolat.jpg 430w, https:\/\/sportkulacs.hu\/wp-content\/uploads\/2021\/05\/hand-eez-markolat-190x300.jpg 190w\" sizes=\"auto, (max-width: 430px) 100vw, 430px\" \/><\/div>\n<\/div>\n","protected":false},"excerpt":{"rendered":"<p>HAND-EEZ MIN\u0150S\u00c9GI MARKOLATOK, 10 \u00c9V GARANCI\u00c1VAL! A Hand-eez markolatok nagy s\u0171r\u0171s\u00e9g\u0171 r\u00e1zk\u00f3d\u00e1st elnyel\u0151 habb\u00f3l k\u00e9sz\u00fclnek. Egy egyedi PVC vynil z\u00e1rt cell\u00e1s hab biztos\u00edtja a p\u00e1ratlan tart\u00f3ss\u00e1got \u00e9s k\u00e9nyelmet. K\u00c9NYELEM \u00c9S BIZTONS\u00c1G A Hand-eez markolatok kiemelked\u0151 r\u00e1zk\u00f3d\u00e1st elnyel\u0151 karakterisztik\u00e1val rendelkeznek. A nagy s\u0171r\u0171s\u00e9g\u0171 hab jellemz\u0151je, hogy a fels\u0151 r\u00e9tegbe t\u00f6bb (10-15 db k\u00f6bmillim\u00e9terenk\u00e9nt) \u00e9s er\u0151sebb cella [&hellip;]<\/p>\n","protected":false},"author":1,"featured_media":0,"parent":0,"menu_order":0,"comment_status":"closed","ping_status":"closed","template":"","meta":{"footnotes":""},"class_list":["post-9","page","type-page","status-publish","hentry"],"_links":{"self":[{"href":"https:\/\/sportkulacs.hu\/index.php\/wp-json\/wp\/v2\/pages\/9","targetHints":{"allow":["GET"]}}],"collection":[{"href":"https:\/\/sportkulacs.hu\/index.php\/wp-json\/wp\/v2\/pages"}],"about":[{"href":"https:\/\/sportkulacs.hu\/index.php\/wp-json\/wp\/v2\/types\/page"}],"author":[{"embeddable":true,"href":"https:\/\/sportkulacs.hu\/index.php\/wp-json\/wp\/v2\/users\/1"}],"replies":[{"embeddable":true,"href":"https:\/\/sportkulacs.hu\/index.php\/wp-json\/wp\/v2\/comments?post=9"}],"version-history":[{"count":12,"href":"https:\/\/sportkulacs.hu\/index.php\/wp-json\/wp\/v2\/pages\/9\/revisions"}],"predecessor-version":[{"id":146,"href":"https:\/\/sportkulacs.hu\/index.php\/wp-json\/wp\/v2\/pages\/9\/revisions\/146"}],"wp:attachment":[{"href":"https:\/\/sportkulacs.hu\/index.php\/wp-json\/wp\/v2\/media?parent=9"}],"curies":[{"name":"wp","href":"https:\/\/api.w.org\/{rel}","templated":true}]}}